ors of 351861.
3, 19, 6173
What are the prime factors of 4190119?
4190119
What are the prime factors of 367831?
367831
What are the prime factors of 158865?
3, 5, 7, 17, 89
What are the prime factors of 5230307?
227, 23041
What are the prime factors of 321840?
2, 3, 5, 149
What are the prime factors of 10508404?
2, 829, 3169
List the prime factors of 226228.
2, 23, 2459
List the prime factors of 242989.
242989
List the prime factors of 2782661.
7, 109, 521
What are the prime factors of 192560?
2, 5, 29, 83
List the prime factors of 9205098.
2, 3, 7, 219169
List the prime factors of 702797.
17, 41341
List the prime factors of 4280015.
5, 31, 53, 521
List the prime factors of 328335.
3, 5, 7, 53, 59
List the prime factors of 544607.
7, 77801
List the prime factors of 22771888.
2, 1423243
What are the prime factors of 86501?
86501
What are the prime factors of 2428613?
11, 220783
List the prime factors of 2391810.
2, 3, 5, 61, 1307
What are the prime factors of 8327214?
2, 3, 7, 66089
What are the prime factors of 395893?
149, 2657
List the prime factors of 561199.
561199
What are the prime factors of 13786567?
71, 277, 701
What are the prime factors of 25951295?
5, 5190259
List the prime factors of 994072.
2, 137, 907
What are the prime factors of 565339?
113, 5003
What are the prime factors of 8846730?
2, 3, 5, 98297
What are the prime factors of 184369?
184369
What are the prime factors of 409298?
2, 19, 10771
List the prime factors of 347499.
3, 38611
List the prime factors of 6433244.
2, 29, 31, 1789
List the prime factors of 1038479.
13, 17, 37, 127
What are the prime factors of 1362791?
31, 43961
List the prime factors of 6307060.
2, 5, 23, 13711
List the prime factors of 3965459.
617, 6427
What are the prime factors of 9708750?
2, 3, 5, 863
What are the prime factors of 10418913?
3, 47, 24631
What are the prime factors of 27602932?
2, 7, 985819
List the prime factors of 6395419.
19, 463, 727
What are the prime factors of 3545946?
2, 3, 29, 6793
List the prime factors of 1727962.
2, 127, 6803
What are the prime factors of 254449?
13, 23, 37
What are the prime factors of 28739771?
3343, 8597
What are the prime factors of 433382?
2, 337, 643
What are the prime factors of 870216?
2, 3, 101, 359
List the prime factors of 350956.
2, 87739
List the prime factors of 18783459.
3, 2087051
What are the prime factors of 174216?
2, 3, 7, 17, 61
What are the prime factors of 16592242?
2, 113, 73417
What are the prime factors of 2033298?
2, 3, 37, 43, 71
List the prime factors of 89972.
2, 83, 271
What are the prime factors of 32955284?
2, 347, 23743
List the prime factors of 1184294.
2, 103, 5749
What are the prime factors of 351183?
3, 7, 2389
List the prime factors of 161840.
2, 5, 7, 17
List the prime factors of 19090520.
2, 5, 37, 12899
List the prime factors of 8748539.
37, 41, 73, 79
List the prime factors of 30102804.
2, 3, 836189
List the prime factors of 2508079.
7, 358297
List the prime factors of 2644118.
2, 1129, 1171
What are the prime factors of 3620280?
2, 3, 5, 30169
List the prime factors of 470753.
223, 2111
What are the prime factors of 277637?
277637
What are the prime factors of 3785472?
2, 3, 31, 53
What are the prime factors of 358934?
2, 197, 911
List the prime factors of 12787782.
2, 3, 7, 29, 10499
What are the prime factors of 1509881?
23, 65647
List the prime factors of 25523685.
3, 5, 11, 51563
List the prime factors of 277292.
2, 181, 383
List the prime factors of 23959781.
23959781
List the prime factors of 20340684.
2, 3, 7, 13, 887
List the prime factors of 2059066.
2, 1029533
What are the prime factors of 508053?
3, 7, 13, 1861
What are the prime factors of 312817?
17, 18401
What are the prime factors of 2279083?
2279083
List the prime factors of 2109962.
2, 37, 28513
List the prime factors of 1349150.
2, 5, 11, 223
What are the prime factors of 824796?
2, 3, 7, 1091
What are the prime factors of 767039?
7, 13, 8429
What are the prime factors of 3113410?
2, 5, 311341
List the prime factors of 3015290.
2, 5, 17, 17737
What are the prime factors of 440520?
2, 3, 5, 3671
What are the prime factors of 634107?
3, 211369
List the prime factors of 2572751.
83, 139, 223
What are the prime factors of 701337?
3, 7, 13, 367
List the prime factors of 2302666.
2, 1151333
What are the prime factors of 458741?
83, 5527
List the prime factors of 8038851.
3, 2679617
What are the prime factors of 1475619?
3, 491873
What are the prime factors of 3827042?
2, 71, 26951
What are the prime factors of 64649?
13, 4973
List the prime factors of 516030.
2, 3, 5, 103, 167
List the prime factors of 3816632.
2, 29, 16451
What are the prime factors of 160385?
5, 32077
List the prime factors of 685467.
3, 76163
What are the prime factors of 222112?
2, 11, 631
List the prime factors of 75740.
2, 5, 7, 541
What are the prime factors of 3937388?
2, 7, 13, 29, 373
List the prime factors of 703420.
2, 5, 35171
What are the prime factors of 1164961?
7, 163, 1021
List the prime factors of 144151.
7, 20593
List the prime factors of 9907726.
2, 881, 5623
List the prime factors of 530087.
530087
What are the prime factors of 162535?
5, 32507
What are the prime factors of 13340992?
2, 7, 97, 307
List the prime factors of 232589.
7, 149, 223
List the prime factors of 175493.
175493
List the prime factors of 6523735.
5, 97, 13451
List the prime factors of 2248503.
3, 23, 32587
What are the prime factors of 440598?
2, 3, 73433
List the prime factors of 192170.
2, 5, 11, 1747
List the prime factors of 1402895.
5, 13, 113, 191
What are the prime factors of 41261?
11, 31
What are the prime factors of 21719183?
17, 191, 6689
List the prime factors of 566253.
3, 17, 3701
List the prime factors of 94.
2, 47
List the prime factors of 71396.
2, 13, 1373
List the prime factors of 3777538.
2, 1888769
List the prime factors of 469113.
3, 156371
What are the prime factors of 814613?
59, 13807
List the prime factors of 16056959.
17, 944527
List the prime factors of 335046.
2, 3, 19, 2939
List the prime factors of 98094.
2, 3, 16349
What are the prime factors of 783906?
2, 3, 130651
What are the prime factors of 2600193?
3, 859, 1009
What are the prime factors of 3764965?
5, 752993
What are the prime factors of 1507741?
661, 2281
List the prime factors of 17161.
131
List the prime factors of 879087.
3, 11, 17, 1567
What are the prime factors of 557138?
2, 47, 5927
List the prime factors of 95399.
19, 5021
What are the prime factors of 3227870?
2, 5, 83, 3889
What are the prime factors of 107316?
2, 3, 11, 271
List the prime factors of 451002.
2, 3, 75167
What are the prime factors of 621346?
2, 11, 61, 463
List the prime factors of 720083.
7, 13, 41, 193
What are the prime factors of 427341?
3, 181, 787
What are the prime factors of 374997?
3, 7, 2551
What are the prime factors of 53498?
2, 23, 1163
What are the prime factors of 423151?
367, 1153
What are the prime factors of 13943593?
1759, 7927
What are the prime factors of 1712479?
29, 59051
List the prime factors of 3319783.
67, 49549
What are the prime factors of 18286490?
2, 5, 1828649
List the prime factors of 160914.
2, 3, 13, 2063
What are the prime factors of 3428015?
5, 709, 967
What are the prime factors of 23635?
5, 29, 163
What are the prime factors of 326652?
2, 3, 163, 167
List the prime factors of 8043202.
2, 4021601
List the prime factors of 61558.
2, 7, 4397
What are the prime factors of 829865?
5, 269, 617
List the prime factors of 7033717.
137, 51341
List the prime factors of 22619621.
22619621
What are the prime factors of 8754882?
2, 3, 101, 14447
List the prime factors of 45025.
5, 1801
List the prime factors of 9263631.
3, 13, 173, 1373
What are the prime factors of 440429?
11, 40039
What are the prime factors of 2737980?
2, 3, 5, 7, 41, 53
What are the prime factors of 62418?
2, 3, 101, 103
List the prime factors of 609478.
2, 304739
What are the prime factors of 1335477?
3, 11, 13, 283
What are the prime factors of 3423390?
2, 3, 5, 114113
List the prime factors of 1293596.
2, 19, 17021
What are the prime factors of 410904?
2, 3, 13, 439
What are the prime factors of 211827?
3, 7, 11, 131
List the prime factors of 3484637.
13, 268049
What are the prime factors of 282052?
2, 107, 659
List the prim